{"id":392,"date":"2025-07-06T19:50:08","date_gmt":"2025-07-06T19:50:08","guid":{"rendered":"https:\/\/josefinamalomussini.com\/staging\/6120\/login\/"},"modified":"2025-07-29T09:55:48","modified_gmt":"2025-07-29T09:55:48","slug":"login","status":"publish","type":"page","link":"https:\/\/josefinamalomussini.com\/staging\/6120\/login\/","title":{"rendered":"Login"},"content":{"rendered":"<style>.wp-block-kadence-advancedheading.kt-adv-heading392_ee4c26-6b, .wp-block-kadence-advancedheading.kt-adv-heading392_ee4c26-6b[data-kb-block=\"kb-adv-heading392_ee4c26-6b\"]{margin-top:0px;text-align:center;font-size:var(--global-kb-font-size-xl, 3rem);font-style:normal;}.wp-block-kadence-advancedheading.kt-adv-heading392_ee4c26-6b, .wp-block-kadence-advancedheading.kt-adv-heading392_ee4c26-6b[data-kb-block=\"kb-adv-heading392_ee4c26-6b\"] .kb-adv-text-inner{background-image:linear-gradient(99deg,var(--global-palette1) 2%,rgb(25,64,110) 100%);background-clip:text;-webkit-box-decoration-break:clone;box-decoration-break:clone;-webkit-background-clip:text;-webkit-text-fill-color:transparent;}.wp-block-kadence-advancedheading.kt-adv-heading392_ee4c26-6b mark.kt-highlight, .wp-block-kadence-advancedheading.kt-adv-heading392_ee4c26-6b[data-kb-block=\"kb-adv-heading392_ee4c26-6b\"] mark.kt-highlight{font-style:normal;-webkit-text-fill-color:initial !important;-webkit-background-clip:initial !important;background-clip:initial !important;color:#f76a0c;-webkit-box-decoration-break:clone;box-decoration-break:clone;padding-top:0px;padding-right:0px;padding-bottom:0px;padding-left:0px;}.wp-block-kadence-advancedheading.kt-adv-heading392_ee4c26-6b img.kb-inline-image, .wp-block-kadence-advancedheading.kt-adv-heading392_ee4c26-6b[data-kb-block=\"kb-adv-heading392_ee4c26-6b\"] img.kb-inline-image{width:150px;vertical-align:baseline;}<\/style><h2 class=\"kt-adv-heading392_ee4c26-6b wp-block-kadence-advancedheading has-theme-palette1-color has-text-color\" data-kb-block=\"kb-adv-heading392_ee4c26-6b\"><span class=\"kb-adv-text-inner\">Inicia sesi\u00f3n en tu cuenta<\/span><\/h2>\n\n<style>.wp-block-kadence-advancedheading.kt-adv-heading392_a5e59a-86, .wp-block-kadence-advancedheading.kt-adv-heading392_a5e59a-86[data-kb-block=\"kb-adv-heading392_a5e59a-86\"]{padding-right:var(--global-kb-spacing-4xl, 8rem);padding-left:var(--global-kb-spacing-4xl, 8rem);text-align:center;font-style:normal;}.wp-block-kadence-advancedheading.kt-adv-heading392_a5e59a-86 mark.kt-highlight, .wp-block-kadence-advancedheading.kt-adv-heading392_a5e59a-86[data-kb-block=\"kb-adv-heading392_a5e59a-86\"] mark.kt-highlight{font-style:normal;color:#f76a0c;-webkit-box-decoration-break:clone;box-decoration-break:clone;padding-top:0px;padding-right:0px;padding-bottom:0px;padding-left:0px;}.wp-block-kadence-advancedheading.kt-adv-heading392_a5e59a-86 img.kb-inline-image, .wp-block-kadence-advancedheading.kt-adv-heading392_a5e59a-86[data-kb-block=\"kb-adv-heading392_a5e59a-86\"] img.kb-inline-image{width:150px;vertical-align:baseline;}@media all and (max-width: 767px){.wp-block-kadence-advancedheading.kt-adv-heading392_a5e59a-86, .wp-block-kadence-advancedheading.kt-adv-heading392_a5e59a-86[data-kb-block=\"kb-adv-heading392_a5e59a-86\"]{padding-right:var(--global-kb-spacing-xxs, 0.5rem);padding-left:var(--global-kb-spacing-xxs, 0.5rem);}}<\/style>\n<p class=\"kt-adv-heading392_a5e59a-86 wp-block-kadence-advancedheading\" data-kb-block=\"kb-adv-heading392_a5e59a-86\">Bienvenida\/o de nuevo \u2728<br>Accede a tu espacio personal para ver tu carta natal, recibir contenido personalizado seg\u00fan tu signo y explorar los cursos que has adquirido.<br>\u00bfTodav\u00eda no tienes una cuenta? <a href=\"https:\/\/josefinamalomussini.com\/staging\/6120\/register\/\">Reg\u00edstrate aqu\u00ed.<\/a><\/p>\n\n\n<style>.kb-row-layout-id392_c55dc7-08 > .kt-row-column-wrap{align-content:start;}:where(.kb-row-layout-id392_c55dc7-08 > .kt-row-column-wrap) > .wp-block-kadence-column{justify-content:start;}.kb-row-layout-id392_c55dc7-08 > .kt-row-column-wrap{column-gap:var(--global-kb-gap-md, 2rem);row-gap:var(--global-kb-gap-md, 2rem);padding-top:var(--global-kb-spacing-sm, 1.5rem);padding-bottom:var(--global-kb-spacing-sm, 1.5rem);grid-template-columns:repeat(2, minmax(0, 1fr));}.kb-row-layout-id392_c55dc7-08 > .kt-row-layout-overlay{opacity:0.30;}@media all and (max-width: 1024px){.kb-row-layout-id392_c55dc7-08 > .kt-row-column-wrap{grid-template-columns:repeat(2, minmax(0, 1fr));}}@media all and (max-width: 767px){.kb-row-layout-id392_c55dc7-08 > .kt-row-column-wrap{grid-template-columns:minmax(0, 1fr);}}<\/style><div class=\"kb-row-layout-wrap kb-row-layout-id392_c55dc7-08 alignnone wp-block-kadence-rowlayout\"><div class=\"kt-row-column-wrap kt-has-2-columns kt-row-layout-equal kt-tab-layout-inherit kt-mobile-layout-row kt-row-valign-top\">\n<style>.kadence-column392_7fb819-ec > .kt-inside-inner-col,.kadence-column392_7fb819-ec > .kt-inside-inner-col:before{border-top-left-radius:0px;border-top-right-radius:0px;border-bottom-right-radius:0px;border-bottom-left-radius:0px;}.kadence-column392_7fb819-ec > .kt-inside-inner-col{column-gap:var(--global-kb-gap-sm, 1rem);}.kadence-column392_7fb819-ec > .kt-inside-inner-col{flex-direction:column;}.kadence-column392_7fb819-ec > .kt-inside-inner-col > .aligncenter{width:100%;}.kadence-column392_7fb819-ec > .kt-inside-inner-col:before{opacity:0.3;}.kadence-column392_7fb819-ec{position:relative;}@media all and (max-width: 1024px){.kadence-column392_7fb819-ec > .kt-inside-inner-col{flex-direction:column;justify-content:center;}}@media all and (max-width: 767px){.kadence-column392_7fb819-ec > .kt-inside-inner-col{flex-direction:column;justify-content:center;}}<\/style>\n<div class=\"wp-block-kadence-column kadence-column392_7fb819-ec\"><div class=\"kt-inside-inner-col\"><style>.kb-image392_91459d-f6 .kb-image-has-overlay:after{opacity:0.3;}<\/style>\n<figure class=\"wp-block-kadence-image kb-image392_91459d-f6 size-full kb-image-is-ratio-size\"><div class=\"kb-is-ratio-image kb-image-ratio-square\"><img data-recalc-dims=\"1\" decoding=\"async\" width=\"764\" height=\"1019\" loading=\"lazy\" src=\"https:\/\/i0.wp.com\/josefinamalomussini.com\/staging\/6120\/wp-content\/uploads\/2025\/07\/IMG_7495-1.jpg?resize=764%2C1019&#038;ssl=1\" alt=\"\" class=\"kb-img wp-image-556\" srcset=\"https:\/\/i0.wp.com\/josefinamalomussini.com\/staging\/6120\/wp-content\/uploads\/2025\/07\/IMG_7495-1.jpg?w=764&amp;ssl=1 764w, https:\/\/i0.wp.com\/josefinamalomussini.com\/staging\/6120\/wp-content\/uploads\/2025\/07\/IMG_7495-1.jpg?resize=225%2C300&amp;ssl=1 225w, https:\/\/i0.wp.com\/josefinamalomussini.com\/staging\/6120\/wp-content\/uploads\/2025\/07\/IMG_7495-1.jpg?resize=600%2C800&amp;ssl=1 600w\" sizes=\"auto, (max-width: 764px) 100vw, 764px\" \/><\/div><\/figure>\n<\/div><\/div>\n\n\n<style>.kadence-column392_dfbc46-37 > .kt-inside-inner-col,.kadence-column392_dfbc46-37 > .kt-inside-inner-col:before{border-top-left-radius:0px;border-top-right-radius:0px;border-bottom-right-radius:0px;border-bottom-left-radius:0px;}.kadence-column392_dfbc46-37 > .kt-inside-inner-col{column-gap:var(--global-kb-gap-sm, 1rem);}.kadence-column392_dfbc46-37 > .kt-inside-inner-col{flex-direction:column;}.kadence-column392_dfbc46-37 > .kt-inside-inner-col > .aligncenter{width:100%;}.kadence-column392_dfbc46-37 > .kt-inside-inner-col:before{opacity:0.3;}.kadence-column392_dfbc46-37{position:relative;}@media all and (max-width: 1024px){.kadence-column392_dfbc46-37 > .kt-inside-inner-col{flex-direction:column;justify-content:center;}}@media all and (max-width: 767px){.kadence-column392_dfbc46-37 > .kt-inside-inner-col{flex-direction:column;justify-content:center;}}<\/style>\n<div class=\"wp-block-kadence-column kadence-column392_dfbc46-37\"><div class=\"kt-inside-inner-col\">\n<div class=\"um um-login um-376\">\n\t<div class=\"um-form\">\n\t\t<form method=\"post\" action=\"\" autocomplete=\"off\">\n\t\t\t<div class=\"um-row _um_row_1 \" style=\"margin: 0 0 30px 0;\"><div class=\"um-col-1\"><div  id=\"um_field_376_username\" class=\"um-field um-field-text  um-field-username um-field-text um-field-type_text\" data-key=\"username\"><div class=\"um-field-label\"><label for=\"username-376\">Nombre de usuario o correo electr\u00f3nico:<span class=\"um-req\" title=\"Required\">*<\/span><\/label><div class=\"um-clear\"><\/div><\/div><div class=\"um-field-area\"><input  autocomplete=\"off\" class=\"um-form-field valid \" type=\"text\" name=\"username-376\" id=\"username-376\" value=\"\" placeholder=\"\" data-validate=\"unique_username_or_email\" data-key=\"username\"  aria-invalid=\"false\" \/>\n\n\t\t\t\t\t\t<\/div><\/div><div  id=\"um_field_376_user_password\" class=\"um-field um-field-password  um-field-user_password um-field-password um-field-type_password\" data-key=\"user_password\"><div class=\"um-field-label\"><label for=\"user_password-376\">Contrase\u00f1a<span class=\"um-req\" title=\"Required\">*<\/span><\/label><div class=\"um-clear\"><\/div><\/div><div class=\"um-field-area\"><input class=\"um-form-field valid \" type=\"password\" name=\"user_password-376\" id=\"user_password-376\" value=\"\" placeholder=\"\" data-validate=\"\" data-key=\"user_password\"  aria-invalid=\"false\" \/>\n\n\t\t\t\t\t\t\t<\/div><\/div><\/div><\/div>\t<input type=\"hidden\" name=\"form_id\" id=\"form_id_376\" value=\"376\" \/>\n\t\t<p class=\"um_request_name\">\n\t\t<label for=\"um_request_376\">Only fill in if you are not human<\/label>\n\t\t<input type=\"hidden\" name=\"um_request\" id=\"um_request_376\" class=\"input\" value=\"\" size=\"25\" autocomplete=\"off\" \/>\n\t<\/p>\n\t<input type=\"hidden\" id=\"_wpnonce\" name=\"_wpnonce\" value=\"abd2057db9\" \/><input type=\"hidden\" name=\"_wp_http_referer\" value=\"\/staging\/6120\/wp-json\/wp\/v2\/pages\/392\" \/>\n\t<div class=\"um-col-alt\">\n\n\t\t\n\n\t\t\t<div class=\"um-field um-field-c\">\n\t\t\t\t<div class=\"um-field-area\">\n\t\t\t\t\t<label class=\"um-field-checkbox\">\n\t\t\t\t\t\t<input type=\"checkbox\" name=\"rememberme\" value=\"1\"  \/>\n\t\t\t\t\t\t<span class=\"um-field-checkbox-state\"><i class=\"um-icon-android-checkbox-outline-blank\"><\/i><\/span>\n\t\t\t\t\t\t<span class=\"um-field-checkbox-option\"> Keep me signed in<\/span>\n\t\t\t\t\t<\/label>\n\t\t\t\t<\/div>\n\t\t\t<\/div>\n\n\t\t\t\t\t\t<div class=\"um-clear\"><\/div>\n\t\t\n\t\t\t<div class=\"um-left um-half\">\n\t\t\t\t<input type=\"submit\" value=\"Acceder\" class=\"um-button\" id=\"um-submit-btn\" \/>\n\t\t\t<\/div>\n\t\t\t<div class=\"um-right um-half\">\n\t\t\t\t<a href=\"https:\/\/josefinamalomussini.com\/staging\/6120\/register\/\" class=\"um-button um-alt\">\n\t\t\t\t\tRegistro\t\t\t\t<\/a>\n\t\t\t<\/div>\n\n\t\t\n\t\t<div class=\"um-clear\"><\/div>\n\n\t<\/div>\n\n\t\n\t<div class=\"um-col-alt-b\">\n\t\t<a href=\"https:\/\/josefinamalomussini.com\/staging\/6120\/password-reset-2\/\" class=\"um-link-alt\">\n\t\t\tForgot your password?\t\t<\/a>\n\t<\/div>\n\n\t\t\t<\/form>\n\t<\/div>\n<\/div>\n<style>\n\t\t\t.um-376.um {\n\t\t\tmax-width: 450px;\n\t\t}\n\t\t<\/style>\n\n\n\n\n<div style=\"height:60px\" aria-hidden=\"true\" class=\"wp-block-spacer\"><\/div>\n<\/div><\/div>\n\n<\/div><\/div>","protected":false},"excerpt":{"rendered":"<p>Inicia sesi\u00f3n en tu cuenta Bienvenida\/o de nuevo \u2728Accede a tu espacio personal para ver tu carta natal, recibir contenido personalizado seg\u00fan tu signo y explorar los cursos que has adquirido.\u00bfTodav\u00eda no tienes una cuenta? Reg\u00edstrate aqu\u00ed.<\/p>\n","protected":false},"author":1,"featured_media":0,"parent":0,"menu_order":0,"comment_status":"closed","ping_status":"closed","template":"","meta":{"nf_dc_page":"","_kad_post_transparent":"","_kad_post_title":"hide","_kad_post_layout":"","_kad_post_sidebar_id":"","_kad_post_content_style":"","_kad_post_vertical_padding":"","_kad_post_feature":"","_kad_post_feature_position":"","_kad_post_header":false,"_kad_post_footer":false,"_kad_post_classname":"","_joinchat":[],"footnotes":""},"class_list":["post-392","page","type-page","status-publish","hentry"],"yoast_head":"<!-- This site is optimized with the Yoast SEO plugin v27.5 - https:\/\/yoast.com\/product\/yoast-seo-wordpress\/ -->\n<title>Login - Josefina Malo Mussini<\/title>\n<meta name=\"robots\" content=\"index, follow, max-snippet:-1, max-image-preview:large, max-video-preview:-1\" \/>\n<link rel=\"canonical\" href=\"https:\/\/josefinamalomussini.com\/staging\/6120\/login\/\" \/>\n<meta property=\"og:locale\" content=\"en_US\" \/>\n<meta property=\"og:type\" content=\"article\" \/>\n<meta property=\"og:title\" content=\"Login - Josefina Malo Mussini\" \/>\n<meta property=\"og:description\" content=\"Inicia sesi\u00f3n en tu cuenta Bienvenida\/o de nuevo \u2728Accede a tu espacio personal para ver tu carta natal, recibir contenido personalizado seg\u00fan tu signo y explorar los cursos que has adquirido.\u00bfTodav\u00eda no tienes una cuenta? Reg\u00edstrate aqu\u00ed.\" \/>\n<meta property=\"og:url\" content=\"https:\/\/josefinamalomussini.com\/staging\/6120\/login\/\" \/>\n<meta property=\"og:site_name\" content=\"Josefina Malo Mussini\" \/>\n<meta property=\"article:modified_time\" content=\"2025-07-29T09:55:48+00:00\" \/>\n<meta property=\"og:image\" content=\"https:\/\/josefinamalomussini.com\/staging\/6120\/wp-content\/uploads\/2025\/07\/IMG_7495-1.jpg\" \/>\n<meta name=\"twitter:card\" content=\"summary_large_image\" \/>\n<meta name=\"twitter:label1\" content=\"Est. reading time\" \/>\n\t<meta name=\"twitter:data1\" content=\"1 minute\" \/>\n<script type=\"application\/ld+json\" class=\"yoast-schema-graph\">{\"@context\":\"https:\\\/\\\/schema.org\",\"@graph\":[{\"@type\":\"WebPage\",\"@id\":\"https:\\\/\\\/josefinamalomussini.com\\\/staging\\\/6120\\\/login\\\/\",\"url\":\"https:\\\/\\\/josefinamalomussini.com\\\/staging\\\/6120\\\/login\\\/\",\"name\":\"Login - Josefina Malo Mussini\",\"isPartOf\":{\"@id\":\"https:\\\/\\\/foi.bcg.mybluehost.me\\\/website_58de9b92\\\/#website\"},\"primaryImageOfPage\":{\"@id\":\"https:\\\/\\\/josefinamalomussini.com\\\/staging\\\/6120\\\/login\\\/#primaryimage\"},\"image\":{\"@id\":\"https:\\\/\\\/josefinamalomussini.com\\\/staging\\\/6120\\\/login\\\/#primaryimage\"},\"thumbnailUrl\":\"https:\\\/\\\/josefinamalomussini.com\\\/staging\\\/6120\\\/wp-content\\\/uploads\\\/2025\\\/07\\\/IMG_7495-1.jpg\",\"datePublished\":\"2025-07-06T19:50:08+00:00\",\"dateModified\":\"2025-07-29T09:55:48+00:00\",\"breadcrumb\":{\"@id\":\"https:\\\/\\\/josefinamalomussini.com\\\/staging\\\/6120\\\/login\\\/#breadcrumb\"},\"inLanguage\":\"en-US\",\"potentialAction\":[{\"@type\":\"ReadAction\",\"target\":[\"https:\\\/\\\/josefinamalomussini.com\\\/staging\\\/6120\\\/login\\\/\"]}]},{\"@type\":\"ImageObject\",\"inLanguage\":\"en-US\",\"@id\":\"https:\\\/\\\/josefinamalomussini.com\\\/staging\\\/6120\\\/login\\\/#primaryimage\",\"url\":\"https:\\\/\\\/i0.wp.com\\\/josefinamalomussini.com\\\/staging\\\/6120\\\/wp-content\\\/uploads\\\/2025\\\/07\\\/IMG_7495-1.jpg?fit=764%2C1019&ssl=1\",\"contentUrl\":\"https:\\\/\\\/i0.wp.com\\\/josefinamalomussini.com\\\/staging\\\/6120\\\/wp-content\\\/uploads\\\/2025\\\/07\\\/IMG_7495-1.jpg?fit=764%2C1019&ssl=1\",\"width\":764,\"height\":1019},{\"@type\":\"BreadcrumbList\",\"@id\":\"https:\\\/\\\/josefinamalomussini.com\\\/staging\\\/6120\\\/login\\\/#breadcrumb\",\"itemListElement\":[{\"@type\":\"ListItem\",\"position\":1,\"name\":\"Home\",\"item\":\"https:\\\/\\\/josefinamalomussini.com\\\/staging\\\/6120\\\/\"},{\"@type\":\"ListItem\",\"position\":2,\"name\":\"Login\"}]},{\"@type\":\"WebSite\",\"@id\":\"https:\\\/\\\/foi.bcg.mybluehost.me\\\/website_58de9b92\\\/#website\",\"url\":\"https:\\\/\\\/foi.bcg.mybluehost.me\\\/website_58de9b92\\\/\",\"name\":\"Josefina Malo Mussini\",\"description\":\"\",\"publisher\":{\"@id\":\"https:\\\/\\\/foi.bcg.mybluehost.me\\\/website_58de9b92\\\/#\\\/schema\\\/person\\\/34bd8b7820acf889e20707671e3945cd\"},\"potentialAction\":[{\"@type\":\"SearchAction\",\"target\":{\"@type\":\"EntryPoint\",\"urlTemplate\":\"https:\\\/\\\/foi.bcg.mybluehost.me\\\/website_58de9b92\\\/?s={search_term_string}\"},\"query-input\":{\"@type\":\"PropertyValueSpecification\",\"valueRequired\":true,\"valueName\":\"search_term_string\"}}],\"inLanguage\":\"en-US\"},{\"@type\":[\"Person\",\"Organization\"],\"@id\":\"https:\\\/\\\/foi.bcg.mybluehost.me\\\/website_58de9b92\\\/#\\\/schema\\\/person\\\/34bd8b7820acf889e20707671e3945cd\",\"name\":\"Josefina Malo Mussini\",\"image\":{\"@type\":\"ImageObject\",\"inLanguage\":\"en-US\",\"@id\":\"https:\\\/\\\/i0.wp.com\\\/josefinamalomussini.com\\\/staging\\\/6120\\\/wp-content\\\/uploads\\\/2025\\\/06\\\/JOSEFINA-6931.jpg?fit=900%2C1350&ssl=1\",\"url\":\"https:\\\/\\\/i0.wp.com\\\/josefinamalomussini.com\\\/staging\\\/6120\\\/wp-content\\\/uploads\\\/2025\\\/06\\\/JOSEFINA-6931.jpg?fit=900%2C1350&ssl=1\",\"contentUrl\":\"https:\\\/\\\/i0.wp.com\\\/josefinamalomussini.com\\\/staging\\\/6120\\\/wp-content\\\/uploads\\\/2025\\\/06\\\/JOSEFINA-6931.jpg?fit=900%2C1350&ssl=1\",\"width\":900,\"height\":1350,\"caption\":\"Josefina Malo Mussini\"},\"logo\":{\"@id\":\"https:\\\/\\\/i0.wp.com\\\/josefinamalomussini.com\\\/staging\\\/6120\\\/wp-content\\\/uploads\\\/2025\\\/06\\\/JOSEFINA-6931.jpg?fit=900%2C1350&ssl=1\"}}]}<\/script>\n<!-- \/ Yoast SEO plugin. -->","yoast_head_json":{"title":"Login - Josefina Malo Mussini","robots":{"index":"index","follow":"follow","max-snippet":"max-snippet:-1","max-image-preview":"max-image-preview:large","max-video-preview":"max-video-preview:-1"},"canonical":"https:\/\/josefinamalomussini.com\/staging\/6120\/login\/","og_locale":"en_US","og_type":"article","og_title":"Login - Josefina Malo Mussini","og_description":"Inicia sesi\u00f3n en tu cuenta Bienvenida\/o de nuevo \u2728Accede a tu espacio personal para ver tu carta natal, recibir contenido personalizado seg\u00fan tu signo y explorar los cursos que has adquirido.\u00bfTodav\u00eda no tienes una cuenta? Reg\u00edstrate aqu\u00ed.","og_url":"https:\/\/josefinamalomussini.com\/staging\/6120\/login\/","og_site_name":"Josefina Malo Mussini","article_modified_time":"2025-07-29T09:55:48+00:00","og_image":[{"url":"https:\/\/josefinamalomussini.com\/staging\/6120\/wp-content\/uploads\/2025\/07\/IMG_7495-1.jpg","type":"","width":"","height":""}],"twitter_card":"summary_large_image","twitter_misc":{"Est. reading time":"1 minute"},"schema":{"@context":"https:\/\/schema.org","@graph":[{"@type":"WebPage","@id":"https:\/\/josefinamalomussini.com\/staging\/6120\/login\/","url":"https:\/\/josefinamalomussini.com\/staging\/6120\/login\/","name":"Login - Josefina Malo Mussini","isPartOf":{"@id":"https:\/\/foi.bcg.mybluehost.me\/website_58de9b92\/#website"},"primaryImageOfPage":{"@id":"https:\/\/josefinamalomussini.com\/staging\/6120\/login\/#primaryimage"},"image":{"@id":"https:\/\/josefinamalomussini.com\/staging\/6120\/login\/#primaryimage"},"thumbnailUrl":"https:\/\/josefinamalomussini.com\/staging\/6120\/wp-content\/uploads\/2025\/07\/IMG_7495-1.jpg","datePublished":"2025-07-06T19:50:08+00:00","dateModified":"2025-07-29T09:55:48+00:00","breadcrumb":{"@id":"https:\/\/josefinamalomussini.com\/staging\/6120\/login\/#breadcrumb"},"inLanguage":"en-US","potentialAction":[{"@type":"ReadAction","target":["https:\/\/josefinamalomussini.com\/staging\/6120\/login\/"]}]},{"@type":"ImageObject","inLanguage":"en-US","@id":"https:\/\/josefinamalomussini.com\/staging\/6120\/login\/#primaryimage","url":"https:\/\/i0.wp.com\/josefinamalomussini.com\/staging\/6120\/wp-content\/uploads\/2025\/07\/IMG_7495-1.jpg?fit=764%2C1019&ssl=1","contentUrl":"https:\/\/i0.wp.com\/josefinamalomussini.com\/staging\/6120\/wp-content\/uploads\/2025\/07\/IMG_7495-1.jpg?fit=764%2C1019&ssl=1","width":764,"height":1019},{"@type":"BreadcrumbList","@id":"https:\/\/josefinamalomussini.com\/staging\/6120\/login\/#breadcrumb","itemListElement":[{"@type":"ListItem","position":1,"name":"Home","item":"https:\/\/josefinamalomussini.com\/staging\/6120\/"},{"@type":"ListItem","position":2,"name":"Login"}]},{"@type":"WebSite","@id":"https:\/\/foi.bcg.mybluehost.me\/website_58de9b92\/#website","url":"https:\/\/foi.bcg.mybluehost.me\/website_58de9b92\/","name":"Josefina Malo Mussini","description":"","publisher":{"@id":"https:\/\/foi.bcg.mybluehost.me\/website_58de9b92\/#\/schema\/person\/34bd8b7820acf889e20707671e3945cd"},"potentialAction":[{"@type":"SearchAction","target":{"@type":"EntryPoint","urlTemplate":"https:\/\/foi.bcg.mybluehost.me\/website_58de9b92\/?s={search_term_string}"},"query-input":{"@type":"PropertyValueSpecification","valueRequired":true,"valueName":"search_term_string"}}],"inLanguage":"en-US"},{"@type":["Person","Organization"],"@id":"https:\/\/foi.bcg.mybluehost.me\/website_58de9b92\/#\/schema\/person\/34bd8b7820acf889e20707671e3945cd","name":"Josefina Malo Mussini","image":{"@type":"ImageObject","inLanguage":"en-US","@id":"https:\/\/i0.wp.com\/josefinamalomussini.com\/staging\/6120\/wp-content\/uploads\/2025\/06\/JOSEFINA-6931.jpg?fit=900%2C1350&ssl=1","url":"https:\/\/i0.wp.com\/josefinamalomussini.com\/staging\/6120\/wp-content\/uploads\/2025\/06\/JOSEFINA-6931.jpg?fit=900%2C1350&ssl=1","contentUrl":"https:\/\/i0.wp.com\/josefinamalomussini.com\/staging\/6120\/wp-content\/uploads\/2025\/06\/JOSEFINA-6931.jpg?fit=900%2C1350&ssl=1","width":900,"height":1350,"caption":"Josefina Malo Mussini"},"logo":{"@id":"https:\/\/i0.wp.com\/josefinamalomussini.com\/staging\/6120\/wp-content\/uploads\/2025\/06\/JOSEFINA-6931.jpg?fit=900%2C1350&ssl=1"}}]}},"jetpack_sharing_enabled":true,"_links":{"self":[{"href":"https:\/\/josefinamalomussini.com\/staging\/6120\/wp-json\/wp\/v2\/pages\/392","targetHints":{"allow":["GET"]}}],"collection":[{"href":"https:\/\/josefinamalomussini.com\/staging\/6120\/wp-json\/wp\/v2\/pages"}],"about":[{"href":"https:\/\/josefinamalomussini.com\/staging\/6120\/wp-json\/wp\/v2\/types\/page"}],"author":[{"embeddable":true,"href":"https:\/\/josefinamalomussini.com\/staging\/6120\/wp-json\/wp\/v2\/users\/1"}],"replies":[{"embeddable":true,"href":"https:\/\/josefinamalomussini.com\/staging\/6120\/wp-json\/wp\/v2\/comments?post=392"}],"version-history":[{"count":4,"href":"https:\/\/josefinamalomussini.com\/staging\/6120\/wp-json\/wp\/v2\/pages\/392\/revisions"}],"predecessor-version":[{"id":557,"href":"https:\/\/josefinamalomussini.com\/staging\/6120\/wp-json\/wp\/v2\/pages\/392\/revisions\/557"}],"wp:attachment":[{"href":"https:\/\/josefinamalomussini.com\/staging\/6120\/wp-json\/wp\/v2\/media?parent=392"}],"curies":[{"name":"wp","href":"https:\/\/api.w.org\/{rel}","templated":true}]}}